 + 24. Calculate the remainder when h is divided by i.
14
Let f = -3568 - -3596. What is the remainder when 555 is divided by f?
23
Let o = -5024 + 6006. What is the remainder when o is divided by 21?
16
Let x(a) = 51*a - 1610. What is the remainder when x(39) is divided by 20?
19
Calculate the remainder when 2917 is divided by 20210/282*(-24)/(-10).
165
Let i be (-70)/84 + 259/(-6). Let g(x) = -4*x**2 - 177*x - 10. Calculate the remainder when 131 - ((-1)/1)/1 is divided by g(i).
30
Suppose 12*t = 9*t + 45. Suppose 77 + 13 = 3*a. Suppose 5*g = -a + 250. What is the remainder when g is divided by t?
14
Let v(p) = -27*p**3 - 7*p**2 - 6*p. Suppose 9*d - 159 = 498. Calculate the remainder when d is divided by v(-1).
21
Suppose -209*w + 227 = 18*w. Suppose 15 = 2*q + q. Suppose q*x = 3*x + 2. Calculate the remainder when w is divided by x.
0
Suppose 2*l = -10, -h - 29 = -5*l - 12. Calculate the remainder when 75 is divided by 3/(h/(-8))*(41 - -8).
19
Let v(g) = 13*g + 31. Let s be v(21). Suppose s = 6*u - 8. Calculate the remainder when u is divided by 28.
24
Let t be (5/5)/((-1)/(3 + -33)). Suppose -t = 5*a - z - 4*z, 5*a = -4*z - 30. Calculate the remainder when 75 is divided by 11 - a/(-6)*(0 + -2).
10
Let l(j) = 22*j**3 + 4*j - 5. Let f be (-8)/(-5) - 2/5*-1. Suppose 2*c + 42 = 3*c + 3*p, 5*c - 186 = -3*p. What is the remainder when l(f) is divided by c?
35
Let o = -316 + 320. Suppose 0 = 14*w - 17*w + 2*g + 160, -o*w + 210 = -2*g. Calculate the remainder when 143 is divided by w.
43
Let x(i) = -2. Let o(u) = 2*u**2 - 60*u + 182. Let s(q) = o(q) + 3*x(q). What is the remainder when s(32) is divided by 34?
32
Let d(j) = -3*j - 21. Let k(m) = 4*m + 32. Let t(i) = 7*d(i) + 5*k(i). What is the remainder when (136/12)/((-6)/(-18)) is divided by t(4)?
7
Let y = -8 + 7. Let v = 26 + y. What is the remainder when v is divided by (3/1 - 4)*-13?
12
Let k = -6218 - -6247. Calculate the remainder when 176 is divided by k.
2
Suppose q + 7503 = 3*y, -5*y + 206*q + 12522 = 210*q. Calculate the remainder when y is divided by 15.
12
Let c = -305 - -305. Suppose -3*y + 2*y + 24 = c. Calculate the remainder when y is divided by 15.
9
Let g = 89 - 65. Calculate the remainder when -3 + -14*17/(-2) + 2 is divided by g.
22
Let h(m) = -m**3 + 6*m**2 + m - 5. Let r be h(6). Let g(i) = 2*i + 1. Let p be g(r). Let a = p - -64. Calculate the remainder when a is divided by 19.
10
Let x(j) be the third derivative of j**4/8 + 25*j**3/6 + 2*j**2 + 2*j. What is the remainder when 3 is divided by x(-8)?
0
Let p = 26 - 23. Suppose -2*o - o + w = -148, 242 = 5*o + p*w. Suppose 10*q - 228 = 1232. Calculate the remainder when q is divided by o.
48
Let j(m) be the third derivative of 17*m**6/120 - m**5/30 + m**4/24 + m**3/6 + 24*m**2 - 3*m. What is the remainder when 82 is divided by j(1)?
14
Suppose 4*l = -4*y - 4, 2*y + 3*l - 1 = -2*y. Suppose 3*r - 173 + 177 = 5*f, -3*f = r - 36. Calculate the remainder when r is divided by y.
0
Let d = 1191 + -1170. Suppose 0 = -3*k + 9*k - 36. What is the remainder when d is divided by k?
3
Suppose 0 = 6*p - 24777 - 8751. Calculate the remainder when p/60 - (-2)/(-15) is divided by 33.
27
Suppose 95 = -k - 202. Let t = -148 - k. What is the remainder when t is divided by 38?
35
Let k = 40 + 5. Suppose 6*v - v - k = 0. Calculate the remainder when 49 is divided by 15*2/10*30/v.
9
Let u = 56 + -38. Suppose u*k + 9*k - 405 = 0. Let i = -3 + 30. What is the remainder when i is divided by k?
12
Suppose 9 = -4*t - 5*f - 56, 3*t - f + 25 = 0. Let x be ((-8)/t)/((-6)/15). Calculate the remainder when (-4 - -6)*(-123)/x is divided by 42.
39
Let l(g) = -538*g**3 - 48*g**2 - 91*g + 1. What is the remainder when l(-2) is divided by 179?
178
Let d(f) = -f**2 + 3*f - 1. Let a(z) = z - 19. Let x(b) = a(b) - 2*d(b). What is the remainder when 43 is divided by x(6)?
18
Suppose -q + 5*q - 8 = 0. Let p(t) = 8*t + 1 + 10*t**q + 4 + t**3 - 6*t**2 + 6*t**2. Calculate the remainder when p(-6) is divided by 26.
23
Suppose -4*y = -v + 15485, 5*v = -4*y + 52928 + 24377. What is the remainder when v is divided by 22?
21
Suppose -17192 + 3857 = -105*b. What is the remainder when 333 is divided by b?
79
Let l = 29 + -37. Let g(p) = p**2 + 7*p + 2. Calculate the remainder when g(l) is divided by 7.
3
Let x = 258 - 189. Suppose 3*h + 5*r - 106 = x, 5*h - 4*r - 267 = 0. Calculate the remainder when 219 is divided by h.
54
Let h = 284 + -283. Let j(x) = 32*x**2 - 13*x. What is the remainder when 21 is divided by j(h)?
2
Let w be ((-3)/(-9))/((-2)/(-72)). Let v = 9 + w. Suppose 0*f - 84 = -2*q - 2*f, 5*q - 198 = -f. What is the remainder when q is divided by v?
18
Suppose -3*z = -21*s + 22*s - 25, 15 = -s + 5*z. Suppose -2*p + s*x = 11*x - 62, 0 = -3*p + 4*x + 82. Calculate the remainder when 178 is divided by p.
28
Suppose -691*a - 2610 = -865*a. What is the remainder when 4949 is divided by a?
14
Let h = 31366 + -31362. Let k be (-2)/9 - (-169)/(-9). Let j = 30 + k. Calculate the remainder when j is divided by h.
3
Let s(f) = -328*f - 2270. What is the remainder when 2768 is divided by s(-7)?
12
Let r be (-1382)/(-9) + (-44)/(-99). Let m = r - -8. Calculate the remainder when m is divided by 41.
39
Suppose 4*t + 875 = -5*w + t, w - 5*t = -147. Let s = w - -286. What is the remainder when s is divided by 15?
9
Suppose -8*k + 69 = 13. Let d be -3 + (-116)/(-8)*2. Let o = 44 - d. What is the remainder when o is divided by k?
4
Let t(y) = -y**3 - y - 3. Suppose 2 = -2*z + 5*n + 22, -16 = 4*n. Let q be t(z). Let h = 16 + q. What is the remainder when 47 is divided by h?
8
Suppose -2*c = -2*m + 16 + 4, 5*m - 66 = c. What is the remainder when 6*m/(-21) - -186 is divided by 31?
27
Let h(q) = q**3 - 4*q**2 + 7*q + 8. Let m be h(4). Let k = 44 - m. What is the remainder when 44 is divided by k?
4
Let c(g) = g**3 + 10*g**2 + 8*g + 53. Calculate the remainder when 418 is divided by c(-9).
46
Suppose -5*j = -j + h - 326, 0 = 2*j - h - 160. Suppose j*c = 85*c - 68. What is the remainder when c is divided by 9?
8
Suppose -3*p - m = -962, -5*p = 5*m - 537 - 1073. Let c = 361 - p. What is the remainder when c is divided by 32?
9
Suppose -6*d + 15 = -d. Suppose -t - d*t + 72 = 4*q, 50 = 5*t - 3*q. What is the remainder when 62 is divided by t?
10
Suppose 4*u - 80 = 36. Suppose 61*d - 59*d = 42. Let i(n) = 2*n**3 - 43*n**2 + 21*n + 8. Calculate the remainder when u is divided by i(d).
5
Let l = 9 - -1. Suppose 0 = -l*n + 5*n + 400. Let z(i) = 669*i + 20092. Calculate the remainder when n is divided by z(-30).
14
Let p(c) = 7*c + 21. Let h(l) = l + 13. What is the remainder when p(3) is divided by h(11)?
18
Suppose 3820 = 3*j - 4*n, -8*j + 4*n - 6324 = -13*j. What is the remainder when j is divided by 11?
3
Let j(l) be the second derivative of -l**4/6 + 29*l**3/6 - 29*l**2/2 - 71*l. Calculate the remainder when 400 is divided by j(12).
28
Let y = 30548 - 30502. Calculate the remainder when 314 is divided by y.
38
What is the remainder when 246 is divided by (10 - (-1344)/(-132)) + 354/11?
22
Suppose -2*s + 412 = -4*a, -10*s + 824 = -6*s - 5*a. What is the remainder when s is divided by 119?
87
Let d be 294/(-102) + (-4)/34. Calculate the remainder when d*(4 + (-2 - 11)) is divided by 15.
12
Let m(w) = w**3 + 8*w**2 + 14*w + 12. Let q be m(-6). Calculate the remainder when 883 is divided by -5 + q + 2 + (62 - 0).
57
Let v = -2941 - -4660. Calculate the remainder when v is divided by 42.
39
Let s(x) = -27*x + 58. Let h be s(2). Suppose h*q = -5*i + 130, 4*q - q - 104 = -4*i. Calculate the remainder when 414 is divided by i.
24
Let t be (12896/(-78))/((24/9)/(-4)). Suppose n = 7 + 7. What is the remainder when -1*(1/2)/((-4)/t) is divided by n?
3
Suppose x + 28 = 6*p - 4*p, -42 = -3*p + x. What is the remainder when p is divided by (-122)/(-14) - (-2)/7?
5
Let d = -282 + 286. Suppose 495 = 5*n - 5*a, 0*a = 5*n - d*a - 492. Calculate the remainder when n is divided by 36.
24
Suppose -2*h - 78 = 3*i, -60 = 3*h - 4*i + 57. Let o be (-122)/(-3)*h/26. Let j = o - -71. Calculate the remainder when 39 is divided by j.
9
Let r be (-9)/45 - 1*(-54)/(-5). Let s(b) = -20*b - 65. What is the remainder when s(r) is divided by 41?
32
Let n = -1906 + 2690. Suppose n*k - 28 = 783*k. What is the remainder wh